5. Suppose 5 = -d - 5*l, -2*d + l - 10 = 5*l. What is r(d)?
4
Let w be 2 - (-2 + 1)*1. Let k(c) = 2*c - 2. Let i be k(3). Let u(d) = i*d**3 + d**3 - 2*d**w - 3*d**2 - d - 2*d**3. Give u(3).
-3
Let p(b) be the second derivative of -5*b**3/6 - b**2/2 - b. Let l = -4 + 6. Determine p(l).
-11
Let z = 15 - 11. Suppose 14 = -z*d + 2. Let j(f) = f**3 + 4*f**2 + 2*f. Calculate j(d).
3
Let u(k) = -k**2 + k - 1. Let m(f) = 4*f**2 - 5*f + 1. Let i(n) = m(n) + 3*u(n). What is i(-2)?
6
Let i(s) = -3*s**2 + 2. Suppose -4*n - 36 = -12. Let v(p) be the third derivative of p**4/24 + 4*p**3/3 - p**2. Let k be v(n). Calculate i(k).
-10
Suppose -5 = -2*z - 3. Let q(w) be the second derivative of w**5/30 + w**4/12 - w**3/6 - w**2/2 + 2*w. Let m(g) be the first derivative of q(g). What is m(z)?
3
Let k(w) = w**3 + 2*w**2 + 2*w - 1. Suppose v + 6 = -v. Let y = -5 - v. Give k(y).
-5
Let l(o) be the first derivative of -1/3*o**3 + 3/2*o**2 - 3*o - 2. Determine l(2).
-1
Let m be 1 + (-1 - -5 - -1). Let g(d) be the third derivative of d**4/12 - 5*d**3/6 + 7*d**2. What is g(m)?
7
Suppose 4*c + 3 + 5 = 0. Let i(g) = -g**2 + 2*g + 3. Give i(c).
-5
Let g(f) be the second derivative of 0*f**2 + 7/6*f**3 + 0 - 2*f. Suppose -14*m + 8 = -6*m. Give g(m).
7
Let b(k) = -3*k + 2 + k + k. Let f = 1 - 2. Let w be f + (-4 + -1)/(-1). Calculate b(w).
-2
Let s(p) = -2 - p**2 + 2. Let j(g) = -4*g**2 - 5. Let z(i) = -j(i) + 5*s(i). Let d be (-5 - (1 - 3)) + 3. Determine z(d).
5
Let d(f) = 3*f**2 + 12*f + 8. Let k(y) = -7*y**2 - 25*y - 17. Let r(s) = 5*d(s) + 2*k(s). Give r(-8).
-10
Let q(k) = -7*k. Suppose -5*z + 3 = -7. Suppose 0 = -x - z*x - 9. Let l be 2 + (-2)/(-1) + x. Calculate q(l).
-7
Let q(u) = -u + 9. Suppose 0 = -3*v + v. Calculate q(v).
9
Suppose -5*q - 29 = -j, 4*q + 3 = -3*j + q. Suppose 5 - 13 = -j*m. Let d(c) = c**2 - c. Calculate d(m).
2
Let m be ((-20)/(-45))/(4/18). Let s(r) be the first derivative of 5/2*r**m + 2 - 1/3*r**3 - 3*r. Calculate s(5).
-3
Suppose 2*f = 7*g - 2*g + 14, 0 = -4*f + g + 10. Let t(n) = -5*n**2 - n + n**2 + 3*n**f. Calculate t(-2).
-2
Let j be 18/(-4)*2/(-3). Let x(m) be the third derivative of m**5/60 - m**4/4 - m**3/6 - m**2. What is x(j)?
-10
Let p(f) be the first derivative of f**4/12 + 2*f**3/3 + 2*f**2 - f + 1. Let l(m) be the first derivative of p(m). Let j = 6 + -9. What is l(j)?
1
Let j(r) = -r**2 - 5*r - 5. Suppose q - 3*q = 8. Let o(i) = -3*i + 4 - 2 - 3 - i**2. Let f be o(q). What is j(f)?
-5
Let i(u) = -3*u**3 + u**2 - u - 1. Let s(o) = -2*o**3 + o**2 - o - 1. Let z(x) = 4*i(x) - 3*s(x). Give z(-1).
7
Suppose -5*p + 29 = -2*f, -5*p + 2*p = 4*f - 7. Let k(g) = g - 6. Calculate k(p).
-1
Let o(x) = 10 - 18 - 3*x + 9 - x**2. Give o(-2).
3
Let v(u) = u**2 + 12*u + 15. Let g be v(-11). Let p be (56/(-35))/(g/10). Let f(t) = t**2 + 6*t + 5. Calculate f(p).
-3
Let r be 64/120 - 3/15. Let h(v) be the second derivative of 0 + r*v**3 - 2*v - 1/2*v**2. What is h(2)?
3
Let z(u) = u + 1. Let i(p) = 4*p + 9. Let m(o) = i(o) - 5*z(o). Give m(0).
4
Let s(u) be the second derivative of -7/2*u**2 + 0 + 1/12*u**4 + 2*u + 1/2*u**3. Suppose b + 2*h - 10 = 5*b, 3*b + 2*h + 25 = 0. Calculate s(b).
3
Let n(t) = t**2 - 2*t - 15. Let a be n(-3). Let f(s) = 2*s. Let p(v) = -v. Let x(b) = -2*f(b) - 3*p(b). Calculate x(a).
0
Let w(b) = -10*b**3 + 539*b - 539*b - 2*b**2 - 1 + 4*b**2. Determine w(-1).
11
Let i(m) = m**3 - m**2 - 1. Let z = -73 - -75. Determine i(z).
3
Let z(u) = 0 + 2*u + 3*u**2 - u - 2 - 3*u. Let d(j) = j**2 + 2*j - 3. Let t(n) = -n**2 + n - 1. Let g(x) = d(x) - 2*t(x). Let l be g(-1). What is z(l)?
6
Let v(s) be the third derivative of -s**6/8 + s**4/24 + 23*s**2. Give v(1).
-14
Let g be (3 + 10)/(2 - 3). Let t = g - -18. Suppose 2*b + 4*y - 5*y + t = 0, -5*b + 2*y - 13 = 0. Let s(h) = -h**2 + 4. Give s(b).
-5
Let w(u) = -5*u**3 - u**2 + u. Suppose d + 0 = -2. Let r(h) = 2*h**2 - 4*h - 3*h**2 + 0*h - 1 - 2. Let k be r(d). Give w(k).
-5
Let d(o) be the second derivative of -o**5/20 + o**4/3 + o**3 + o**2 + o. Suppose 0 = -50*f + 47*f + 15. Give d(f).
7
Let h(z) be the first derivative of z**6/120 + z**5/20 - z**4/8 - z**3/2 - z**2/2 - 2. Let i(r) be the second derivative of h(r). Give i(-4).
-7
Let y = -95 - -97. Let x(h) be the third derivative of 2*h**y - 2/3*h**3 + 0 + 5/24*h**4 - 1/60*h**5 + 0*h. Calculate x(4).
0
Let u(f) = 14*f**2 + 14*f + 15. Let m(j) = 5*j**2 + 5*j + 5. Let b(t) = -17*m(t) + 6*u(t). Determine b(0).
5
Let l(b) = 6*b**2 - 3*b - 6. Let v(f) = 5*f**2 - 4*f - 5. Let w(h) = -4*l(h) + 5*v(h). What is w(7)?
-8
Let y(x) be the third derivative of x**4/24 + 3*x**3/2 + 7*x**2. Calculate y(-11).
-2
Let a(s) = 3 - s**2 - 3*s - 2*s + 0*s**2. Let f = 13 + -13. Let c = f + -5. Give a(c).
3
Let p(z) = -z - 1. Let s be 54/6*(-3)/(-9). Calculate p(s).
-4
Let h(i) = -i**2 - 6*i + 2. Let n(q) = 1. Let c(y) = -h(y) + n(y). What is c(-6)?
-1
Let c(n) = 10*n + 1. Let w be (6/4)/((-6)/(-20)). Suppose -3*b = -2*v + v + 5, w*v = -3*b - 11. What is c(v)?
-9
Let z(d) be the first derivative of -2*d - 1/20*d**5 - 2*d**2 + 0*d**3 + 1/3*d**4 + 1. Let c(j) be the first derivative of z(j). Give c(3).
5
Let h(q) = -4 + 0*q**2 - 6*q + 2*q**2 - q**2. What is h(5)?
-9
Suppose 0 = -k + 4 - 2. Suppose -2 = k*j + 5*s + 1, -5*j + 33 = -s. Let a(z) = 2*z - 9. What is a(j)?
3
Let r be (-1 - 1)/(0 + -1). Let p(i) = 3*i - 5. Let y(d) = d - 3. Let b be y(0). Let o(f) = 2*f - 4. Let z(j) = b*p(j) + 4*o(j). Give z(r).
-3
Let s(f) = f**2 + 7*f + 2. Suppose 6*w - 4*w - 2*r - 10 = 0, 4*w - 22 = 5*r. Suppose 5*o - w*p = 29, -5 = -3*o - 2*p + 1. Suppose o*g = -5 - 19. Determine s(g).
-4
Let p(s) = -7*s**2 + 2 - 3 + 115*s - 115*s. What is p(1)?
-8
Let s = -2 - -1. Let y(j) = -j**3 + 4*j**2 + 4*j - 3. Let d(h) = -1. Let x(o) = s*y(o) + 3*d(o). Let t be 15/(-10)*20/(-6). Give x(t).
5
Let k(t) = t**2 - 5*t + 7*t + 1 - t. Give k(-1).
1
Let k(a) = a - 2*a - a**2 - 1 + 0*a**2. Let q(w) = -6*w**2 + 2*w - 8. Let n(f) = 5*k(f) - q(f). Suppose -3*d - d + 20 = 0. Give n(d).
-7
Let o(w) be the third derivative of 0*w + 1/6*w**3 + 0 + 7*w**2 - 1/6*w**4 - 1/60*w**5. Determine o(-3).
4
Let q(o) = -o + 12. Suppose -3*f + 5*g + 16 + 5 = 0, 6 = 2*g. Calculate q(f).
0
Let q(p) = 8*p + 6 - 2*p - p - p**2 + 0*p**2. Give q(5).
6
Let b be 28/21 + (-4)/(-6). Let y(t) = -t**3 - 2 - 2*t - 4 + 4 - 5*t**b. Give y(-5).
8
Let b(n) = n - 4. Let w(s) = 1. Suppose 2*r - 5*z - 5 = -13, r = -4*z + 9. Let i(x) = r*b(x) + 3*w(x). Give i(5).
4
Let y(s) = s**3 + 4*s**2 - s - 5. Let z be y(-4). Let k(b) = b**2. Let o(j) = 2*j**2 + 1. Let v(x) = z*o(x) + 4*k(x). Determine v(-1).
1
Let i(t) be the third derivative of t**4/6 - t**3/6 + 5*t**2 + 1. Give i(-1).
-5
Let r = -26 + 24. Let l(g) = -1 - 3*g**2 + 5*g**2 - 3*g**2 - g**3 - g. Determine l(r).
5
Let d(c) be the second derivative of c**4/12 + c**3 - 3*c**2/2 - 15*c. Give d(-6).
-3
Suppose 0 = 9*j + 34 + 11. Let p(h) = -h**3 - 6*h**2 - 4*h - 5. What is p(j)?
-10
Let p(g) be the second derivative of 9*g - 1/6*g**3 + 1/2*g**2 + 0. What is p(1)?
0
Let l be 9/6*(-6)/(-9). Let h(q) = -7*q + 1. What is h(l)?
-6
Let o(d) = 2*d**3 + d**2 - 8*d - 1. Let a(l) = -l**3 - l**2 + 4*l + 1. Let m(v) = 7*a(v) + 3*o(v). Give m(-4).
-12
Suppose -4*q + 0*q - 28 = -2*o, -20 = -5*o. Let p(s) = s**2 + 3*s - 5. Calculate p(q).
5
Suppose -4*t = -t - 12. Let o(b) = -3*b**3 - 4*b**2 + 3*b - 3. Let x(c) = 4*c**3 + 5*c**2 - 4*c + 4. Let p(i) = t*x(i) + 5*o(i). Calculate p(2).
7
Let c(k) = 0*k + 6 - 3 + k. What is c(-5)?
-2
Let c(g) be the first derivative of -g**2/2 + 7*g - 1. Let s be ((-2)/4)/((-3)/60). Suppose 0 = 3*v - 6*b + 2*b + 20, 2*v - s = -2*b. Calculate c(v).
7
Let a(k) be the second derivative of -k**4/12 + k**3/6 - 3*k**2/2 - 2*k. Let z = -2 + 5. Calculate a(z).
-9
Let z(m) = m**2 + 5*m - 5 + 1 + 1. Let j(r) = -r**2 + 3*r + 4. Let b be j(5). Let d be 23/(-5) + b/(-10). Calculate z(d).
-7
Let p = -1 + 1. Suppose 6*m - 3*m = p. Let k(u) = -u**3 + u**2 - u - 1. What is k(m)?
-1
Suppose -4*t - 4*u - 28 = 0, 0*u + 22 = -2*t - 4*u. Let a(x) be the first derivative of -x**4/4 - x**3 + 5*x**2/2 + 2*x + 24. What is a(t)?
-13
Let z(h) = -h - 15. Suppose -6*v - 44 = -2*v. Calculate z(v).
-4
Let u(i) = -i**2 + 11*i - 10. Let c be u(10). Let l(x) = x**2 - 6. Let v be l(c). Let m(h) = h**3 + 